{"id":227,"date":"2025-08-26T06:20:49","date_gmt":"2025-08-26T06:20:49","guid":{"rendered":"http:\/\/pommesendelices.fr\/?page_id=227"},"modified":"2025-09-14T16:32:08","modified_gmt":"2025-09-14T16:32:08","slug":"les-sites-dinfo-sur-les-pommes","status":"publish","type":"page","link":"https:\/\/pommesendelices.fr\/index.php\/les-sites-dinfo-sur-les-pommes\/","title":{"rendered":"Les sites d&rsquo;info sur les pommes"},"content":{"rendered":"\n<h2 class=\"wp-block-heading\">\ud83c\udf33 Les sites essentiels sur le cidre<\/h2>\n\n\n\n<ul class=\"wp-block-list\">\n<li><strong>Cidres de France<\/strong> \ud83d\udc49 Site officiel de l\u2019interprofession.<br>Infos claires sur les types de cidres (brut, doux, ros\u00e9, poir\u00e9)<br>Terroirs (Normandie, Bretagne, autres r\u00e9gions)<br>Donn\u00e9es \u00e9conomiques, consommation, recettes<\/li>\n<\/ul>\n\n\n\n<p><a href=\"https:\/\/www.cidresdefrance.fr\/\">https:\/\/www.cidresdefrance.fr\/<\/a><\/p>\n\n\n\n<ul class=\"wp-block-list\">\n<li><strong>LA CIDRERIE DU PILAT:<br><\/strong>La Cidrerie du Pilat produit un cidre artisanal et\u00a0 authentique, avec des pommes du Parc naturel r\u00e9gional du Pilat.<br><a href=\"https:\/\/www.cidreriedupilat.fr\">https:\/\/www.cidreriedupilat.fr<\/a><\/li>\n<\/ul>\n\n\n<div class=\"wp-block-image\">\n<figure class=\"aligncenter size-full is-resized\"><img fetchpriority=\"high\" decoding=\"async\" width=\"390\" height=\"317\" src=\"https:\/\/pommesendelices.fr\/wp-content\/uploads\/2025\/09\/image.png\" alt=\"\" class=\"wp-image-380\" style=\"width:294px;height:auto\" srcset=\"https:\/\/pommesendelices.fr\/wp-content\/uploads\/2025\/09\/image.png 390w, https:\/\/pommesendelices.fr\/wp-content\/uploads\/2025\/09\/image-300x244.png 300w\" sizes=\"(max-width: 390px) 100vw, 390px\" \/><\/figure>\n<\/div>\n\n\n<ul class=\"wp-block-list\">\n<li><strong>Cidrea<\/strong> \ud83d\udc49 Un site sp\u00e9cialis\u00e9, plus \u201cexpert\u201d. <br>Histoire et typicit\u00e9 du produit<br>Beaucoup de <strong>chiffres et tendances<\/strong> (production, consommation)<br>Guides pratiques pour <strong>choisir et appr\u00e9cier<\/strong> un cidre<\/li>\n<\/ul>\n\n\n\n<figure class=\"wp-block-embed is-type-wp-embed is-provider-cidrea wp-block-embed-cidrea\"><div class=\"wp-block-embed__wrapper\">\n<blockquote class=\"wp-embedded-content\" data-secret=\"5PHLtH5KT9\"><a href=\"https:\/\/cidrea.fr\/le-cidre-en-chiffres\/\">Le cidre en chiffres<\/a><\/blockquote><iframe class=\"wp-embedded-content\" sandbox=\"allow-scripts\" security=\"restricted\" style=\"position: absolute; visibility: hidden;\" title=\"\u00ab\u00a0Le cidre en chiffres\u00a0\u00bb &#8212; Cidrea\" src=\"https:\/\/cidrea.fr\/le-cidre-en-chiffres\/embed\/#?secret=Qiq7naUztM#?secret=5PHLtH5KT9\" data-secret=\"5PHLtH5KT9\" width=\"600\" height=\"338\" frameborder=\"0\" marginwidth=\"0\" marginheight=\"0\" scrolling=\"no\"><\/iframe>\n<\/div><\/figure>\n\n\n\n<ul class=\"wp-block-list\">\n<li><strong>Claque P\u00e9pins<\/strong> \ud83d\udc49 Blog p\u00e9dagogique et passionn\u00e9.<br>Explication simple de la <strong>fabrication du cidre<\/strong><br>D\u00e9tails sur les <strong>vari\u00e9t\u00e9s de pommes<\/strong> utilis\u00e9es<br>Articles accessibles pour le grand public<\/li>\n<\/ul>\n\n\n\n<p><a href=\"https:\/\/claquepepin.fr\">https:\/\/claquepepin.fr<\/a><\/p>\n\n\n\n<ul class=\"wp-block-list\">\n<li><strong>Cidercraft Magazine<\/strong> <em>(en anglais)<\/em> \ud83d\udc49 Magazine international.<br>Articles sur les tendances mondiales du cidre<br>Portraits de producteurs. Un bon regard ext\u00e9rieur sur le <strong>cidre fran\u00e7ais<\/strong><\/li>\n<\/ul>\n\n\n\n<p><a href=\"https:\/\/cidercraftmag.com\/international-cider-francehttps:\/\/cidercraftmag.com\/international-cider-france\" target=\"_blank\" rel=\"noreferrer noopener\">https:\/\/cidercraftmag.com\/international-cider-france<\/a><\/p>\n\n\n\n<p><\/p>\n","protected":false},"excerpt":{"rendered":"<p>\ud83c\udf33 Les sites essentiels sur le cidre https:\/\/www.cidresdefrance.fr\/ https:\/\/claquepepin.fr https:\/\/cidercraftmag.com\/international-cider-france<\/p>\n","protected":false},"author":1,"featured_media":142,"parent":0,"menu_order":0,"comment_status":"closed","ping_status":"closed","template":"","meta":{"footnotes":""},"class_list":["post-227","page","type-page","status-publish","has-post-thumbnail","hentry"],"_links":{"self":[{"href":"https:\/\/pommesendelices.fr\/index.php\/wp-json\/wp\/v2\/pages\/227","targetHints":{"allow":["GET"]}}],"collection":[{"href":"https:\/\/pommesendelices.fr\/index.php\/wp-json\/wp\/v2\/pages"}],"about":[{"href":"https:\/\/pommesendelices.fr\/index.php\/wp-json\/wp\/v2\/types\/page"}],"author":[{"embeddable":true,"href":"https:\/\/pommesendelices.fr\/index.php\/wp-json\/wp\/v2\/users\/1"}],"replies":[{"embeddable":true,"href":"https:\/\/pommesendelices.fr\/index.php\/wp-json\/wp\/v2\/comments?post=227"}],"version-history":[{"count":2,"href":"https:\/\/pommesendelices.fr\/index.php\/wp-json\/wp\/v2\/pages\/227\/revisions"}],"predecessor-version":[{"id":381,"href":"https:\/\/pommesendelices.fr\/index.php\/wp-json\/wp\/v2\/pages\/227\/revisions\/381"}],"wp:featuredmedia":[{"embeddable":true,"href":"https:\/\/pommesendelices.fr\/index.php\/wp-json\/wp\/v2\/media\/142"}],"wp:attachment":[{"href":"https:\/\/pommesendelices.fr\/index.php\/wp-json\/wp\/v2\/media?parent=227"}],"curies":[{"name":"wp","href":"https:\/\/api.w.org\/{rel}","templated":true}]}}